{"id":84,"date":"2016-06-13T09:58:51","date_gmt":"2016-06-13T07:58:51","guid":{"rendered":"http:\/\/plethorathemes.com\/healthflex\/doctor\/?page_id=19"},"modified":"2024-06-05T08:31:18","modified_gmt":"2024-06-05T08:31:18","slug":"ilgi-alanlari","status":"publish","type":"page","link":"https:\/\/www.yetisisildar.com\/anasayfa\/ilgi-alanlari\/","title":{"rendered":"\u0130lgi Alanlar\u0131"},"content":{"rendered":"<div class=\"wpb-content-wrapper\"><p>[vc_row full_width=&#8221;0&#8243; full_height=&#8221;0&#8243; row_padding=&#8221;no_padding&#8221; particles=&#8221;0&#8243; css=&#8221;.vc_custom_1467268082811{padding-top: 64px !important;}&#8221; el_id=&#8221;wellbaby&#8221;][vc_column][vc_empty_space][\/vc_column][\/vc_row][vc_row][vc_column]<div class=\"section_header subtitle_bottom    text-center\">\n\n    <h2>TIBBI \u0130LG\u0130\u00a0 VE UZMANLIK ALANLARI<\/h2>\n\n\n        <p ><\/p>\n<\/div>[vc_column_text]<\/p>\n<ul>\n<li>Dikkat Eksikli\u011fi Hiperaktivite Bozuklu\u011fu<\/li>\n<li>Depresyon<\/li>\n<li>Kayg\u0131 bozukluklar\u0131, sosyal fobi, panik atak, ayr\u0131l\u0131k kayg\u0131s\u0131, okul korkusu<\/li>\n<li>Bipolar bozukluk<\/li>\n<li>Otizm<\/li>\n<li>Davran\u0131\u015f sorunlar\u0131<\/li>\n<li>Psikotik bozukluklar<\/li>\n<li>\u0130drar ka\u00e7\u0131rma, kaka ka\u00e7\u0131rma<\/li>\n<li>Uyku sorunlar\u0131<\/li>\n<li>Gece ter\u00f6r\u00fc<\/li>\n<li>Ebeveyn \u00c7ocuk Ergen Dan\u0131\u015fmanl\u0131\u011f\u0131<\/li>\n<li>\u00d6zg\u00fcl \u00d6\u011frenme G\u00fc\u00e7l\u00fckleri<\/li>\n<li>S\u0131nav Kayg\u0131s\u0131<\/li>\n<li>Ergenlik Sorunlar\u0131<\/li>\n<li>Cinsel Kimlik Karma\u015fas\u0131<\/li>\n<li>Kar\u015f\u0131t Olma &#8211; Kar\u015f\u0131 Gelme Bozuklu\u011fu<\/li>\n<li>D\u00fcrt\u00fc Kontrol Bozukluklar\u0131<\/li>\n<li>T\u0131rnak Yeme<\/li>\n<\/ul>\n<p>[\/vc_column_text][vc_empty_space][\/vc_column][\/vc_row][vc_row][vc_column][\/vc_column][\/vc_row]<\/p>\n<\/div>","protected":false},"excerpt":{"rendered":"<p>[vc_row full_width=&#8221;0&#8243; full_height=&#8221;0&#8243; row_padding=&#8221;no_padding&#8221; particles=&#8221;0&#8243; css=&#8221;.vc_custom_1467268082811{padding-top: 64px !important;}&#8221; el_id=&#8221;wellbaby&#8221;][vc_column][vc_empty_space][\/vc_column][\/vc_row][vc_row][vc_column][vc_column_text] Dikkat Eksikli\u011fi Hiperaktivite Bozuklu\u011fu Depresyon Kayg\u0131 bozukluklar\u0131, sosyal fobi, panik atak, ayr\u0131l\u0131k kayg\u0131s\u0131, okul korkusu Bipolar bozukluk Otizm Davran\u0131\u015f sorunlar\u0131 Psikotik bozukluklar \u0130drar ka\u00e7\u0131rma, kaka ka\u00e7\u0131rma Uyku sorunlar\u0131 Gece ter\u00f6r\u00fc Ebeveyn \u00c7ocuk Ergen Dan\u0131\u015fmanl\u0131\u011f\u0131 \u00d6zg\u00fcl \u00d6\u011frenme G\u00fc\u00e7l\u00fckleri S\u0131nav Kayg\u0131s\u0131 Ergenlik Sorunlar\u0131 Cinsel Kimlik Karma\u015fas\u0131 Kar\u015f\u0131t Olma [&hellip;]<\/p>\n","protected":false},"author":1,"featured_media":0,"parent":0,"menu_order":0,"comment_status":"closed","ping_status":"closed","template":"","meta":{"pagelayer_contact_templates":[],"_pagelayer_content":"","footnotes":""},"class_list":["post-84","page","type-page","status-publish","hentry"],"yoast_head":"<!-- This site is optimized with the Yoast SEO plugin v27.5 - https:\/\/yoast.com\/product\/yoast-seo-wordpress\/ -->\n<title>\u0130lgi Alanlar\u0131 - Uzm. Dr. Yeti\u015f I\u015eILDAR<\/title>\n<meta name=\"robots\" content=\"index, follow, max-snippet:-1, max-image-preview:large, max-video-preview:-1\" \/>\n<link rel=\"canonical\" href=\"https:\/\/www.yetisisildar.com\/anasayfa\/ilgi-alanlari\/\" \/>\n<meta property=\"og:locale\" content=\"tr_TR\" \/>\n<meta property=\"og:type\" content=\"article\" \/>\n<meta property=\"og:title\" content=\"\u0130lgi Alanlar\u0131 - Uzm. Dr. Yeti\u015f I\u015eILDAR\" \/>\n<meta property=\"og:description\" content=\"[vc_row full_width=&#8221;0&#8243; full_height=&#8221;0&#8243; row_padding=&#8221;no_padding&#8221; particles=&#8221;0&#8243; css=&#8221;.vc_custom_1467268082811{padding-top: 64px !important;}&#8221; el_id=&#8221;wellbaby&#8221;][vc_column][vc_empty_space][\/vc_column][\/vc_row][vc_row][vc_column][vc_column_text] Dikkat Eksikli\u011fi Hiperaktivite Bozuklu\u011fu Depresyon Kayg\u0131 bozukluklar\u0131, sosyal fobi, panik atak, ayr\u0131l\u0131k kayg\u0131s\u0131, okul korkusu Bipolar bozukluk Otizm Davran\u0131\u015f sorunlar\u0131 Psikotik bozukluklar \u0130drar ka\u00e7\u0131rma, kaka ka\u00e7\u0131rma Uyku sorunlar\u0131 Gece ter\u00f6r\u00fc Ebeveyn \u00c7ocuk Ergen Dan\u0131\u015fmanl\u0131\u011f\u0131 \u00d6zg\u00fcl \u00d6\u011frenme G\u00fc\u00e7l\u00fckleri S\u0131nav Kayg\u0131s\u0131 Ergenlik Sorunlar\u0131 Cinsel Kimlik Karma\u015fas\u0131 Kar\u015f\u0131t Olma [&hellip;]\" \/>\n<meta property=\"og:url\" content=\"https:\/\/www.yetisisildar.com\/anasayfa\/ilgi-alanlari\/\" \/>\n<meta property=\"og:site_name\" content=\"Uzm. Dr. Yeti\u015f I\u015eILDAR\" \/>\n<meta property=\"article:modified_time\" content=\"2024-06-05T08:31:18+00:00\" \/>\n<meta name=\"twitter:card\" content=\"summary_large_image\" \/>\n<meta name=\"twitter:label1\" content=\"Tahmini okuma s\u00fcresi\" \/>\n\t<meta name=\"twitter:data1\" content=\"1 dakika\" \/>\n<script type=\"application\/ld+json\" class=\"yoast-schema-graph\">{\"@context\":\"https:\\\/\\\/schema.org\",\"@graph\":[{\"@type\":\"WebPage\",\"@id\":\"https:\\\/\\\/www.yetisisildar.com\\\/anasayfa\\\/ilgi-alanlari\\\/\",\"url\":\"https:\\\/\\\/www.yetisisildar.com\\\/anasayfa\\\/ilgi-alanlari\\\/\",\"name\":\"\u0130lgi Alanlar\u0131 - Uzm. Dr. Yeti\u015f I\u015eILDAR\",\"isPartOf\":{\"@id\":\"https:\\\/\\\/www.yetisisildar.com\\\/anasayfa\\\/#website\"},\"datePublished\":\"2016-06-13T07:58:51+00:00\",\"dateModified\":\"2024-06-05T08:31:18+00:00\",\"breadcrumb\":{\"@id\":\"https:\\\/\\\/www.yetisisildar.com\\\/anasayfa\\\/ilgi-alanlari\\\/#breadcrumb\"},\"inLanguage\":\"tr\",\"potentialAction\":[{\"@type\":\"ReadAction\",\"target\":[\"https:\\\/\\\/www.yetisisildar.com\\\/anasayfa\\\/ilgi-alanlari\\\/\"]}]},{\"@type\":\"BreadcrumbList\",\"@id\":\"https:\\\/\\\/www.yetisisildar.com\\\/anasayfa\\\/ilgi-alanlari\\\/#breadcrumb\",\"itemListElement\":[{\"@type\":\"ListItem\",\"position\":1,\"name\":\"Anasayfa\",\"item\":\"https:\\\/\\\/www.yetisisildar.com\\\/anasayfa\\\/\"},{\"@type\":\"ListItem\",\"position\":2,\"name\":\"\u0130lgi Alanlar\u0131\"}]},{\"@type\":\"WebSite\",\"@id\":\"https:\\\/\\\/www.yetisisildar.com\\\/anasayfa\\\/#website\",\"url\":\"https:\\\/\\\/www.yetisisildar.com\\\/anasayfa\\\/\",\"name\":\"Uzm. Dr. Yeti\u015f I\u015eILDAR\",\"description\":\"\u00c7ocuk ve Ergen Psikiyatri Uzman\u0131\",\"publisher\":{\"@id\":\"https:\\\/\\\/www.yetisisildar.com\\\/anasayfa\\\/#\\\/schema\\\/person\\\/7eb6bd5feee14081cfcea41421d67bff\"},\"potentialAction\":[{\"@type\":\"SearchAction\",\"target\":{\"@type\":\"EntryPoint\",\"urlTemplate\":\"https:\\\/\\\/www.yetisisildar.com\\\/anasayfa\\\/?s={search_term_string}\"},\"query-input\":{\"@type\":\"PropertyValueSpecification\",\"valueRequired\":true,\"valueName\":\"search_term_string\"}}],\"inLanguage\":\"tr\"},{\"@type\":[\"Person\",\"Organization\"],\"@id\":\"https:\\\/\\\/www.yetisisildar.com\\\/anasayfa\\\/#\\\/schema\\\/person\\\/7eb6bd5feee14081cfcea41421d67bff\",\"name\":\"Yeti\u015f I\u015eILDAR\",\"image\":{\"@type\":\"ImageObject\",\"inLanguage\":\"tr\",\"@id\":\"https:\\\/\\\/secure.gravatar.com\\\/avatar\\\/88bd967da00669278c21cf95ff252b35a70c54e16c58255fd105ac580ac8c721?s=96&d=mm&r=g\",\"url\":\"https:\\\/\\\/secure.gravatar.com\\\/avatar\\\/88bd967da00669278c21cf95ff252b35a70c54e16c58255fd105ac580ac8c721?s=96&d=mm&r=g\",\"contentUrl\":\"https:\\\/\\\/secure.gravatar.com\\\/avatar\\\/88bd967da00669278c21cf95ff252b35a70c54e16c58255fd105ac580ac8c721?s=96&d=mm&r=g\",\"caption\":\"Yeti\u015f I\u015eILDAR\"},\"logo\":{\"@id\":\"https:\\\/\\\/secure.gravatar.com\\\/avatar\\\/88bd967da00669278c21cf95ff252b35a70c54e16c58255fd105ac580ac8c721?s=96&d=mm&r=g\"}}]}<\/script>\n<!-- \/ Yoast SEO plugin. -->","yoast_head_json":{"title":"\u0130lgi Alanlar\u0131 - Uzm. Dr. Yeti\u015f I\u015eILDAR","robots":{"index":"index","follow":"follow","max-snippet":"max-snippet:-1","max-image-preview":"max-image-preview:large","max-video-preview":"max-video-preview:-1"},"canonical":"https:\/\/www.yetisisildar.com\/anasayfa\/ilgi-alanlari\/","og_locale":"tr_TR","og_type":"article","og_title":"\u0130lgi Alanlar\u0131 - Uzm. Dr. Yeti\u015f I\u015eILDAR","og_description":"[vc_row full_width=&#8221;0&#8243; full_height=&#8221;0&#8243; row_padding=&#8221;no_padding&#8221; particles=&#8221;0&#8243; css=&#8221;.vc_custom_1467268082811{padding-top: 64px !important;}&#8221; el_id=&#8221;wellbaby&#8221;][vc_column][vc_empty_space][\/vc_column][\/vc_row][vc_row][vc_column][vc_column_text] Dikkat Eksikli\u011fi Hiperaktivite Bozuklu\u011fu Depresyon Kayg\u0131 bozukluklar\u0131, sosyal fobi, panik atak, ayr\u0131l\u0131k kayg\u0131s\u0131, okul korkusu Bipolar bozukluk Otizm Davran\u0131\u015f sorunlar\u0131 Psikotik bozukluklar \u0130drar ka\u00e7\u0131rma, kaka ka\u00e7\u0131rma Uyku sorunlar\u0131 Gece ter\u00f6r\u00fc Ebeveyn \u00c7ocuk Ergen Dan\u0131\u015fmanl\u0131\u011f\u0131 \u00d6zg\u00fcl \u00d6\u011frenme G\u00fc\u00e7l\u00fckleri S\u0131nav Kayg\u0131s\u0131 Ergenlik Sorunlar\u0131 Cinsel Kimlik Karma\u015fas\u0131 Kar\u015f\u0131t Olma [&hellip;]","og_url":"https:\/\/www.yetisisildar.com\/anasayfa\/ilgi-alanlari\/","og_site_name":"Uzm. Dr. Yeti\u015f I\u015eILDAR","article_modified_time":"2024-06-05T08:31:18+00:00","twitter_card":"summary_large_image","twitter_misc":{"Tahmini okuma s\u00fcresi":"1 dakika"},"schema":{"@context":"https:\/\/schema.org","@graph":[{"@type":"WebPage","@id":"https:\/\/www.yetisisildar.com\/anasayfa\/ilgi-alanlari\/","url":"https:\/\/www.yetisisildar.com\/anasayfa\/ilgi-alanlari\/","name":"\u0130lgi Alanlar\u0131 - Uzm. Dr. Yeti\u015f I\u015eILDAR","isPartOf":{"@id":"https:\/\/www.yetisisildar.com\/anasayfa\/#website"},"datePublished":"2016-06-13T07:58:51+00:00","dateModified":"2024-06-05T08:31:18+00:00","breadcrumb":{"@id":"https:\/\/www.yetisisildar.com\/anasayfa\/ilgi-alanlari\/#breadcrumb"},"inLanguage":"tr","potentialAction":[{"@type":"ReadAction","target":["https:\/\/www.yetisisildar.com\/anasayfa\/ilgi-alanlari\/"]}]},{"@type":"BreadcrumbList","@id":"https:\/\/www.yetisisildar.com\/anasayfa\/ilgi-alanlari\/#breadcrumb","itemListElement":[{"@type":"ListItem","position":1,"name":"Anasayfa","item":"https:\/\/www.yetisisildar.com\/anasayfa\/"},{"@type":"ListItem","position":2,"name":"\u0130lgi Alanlar\u0131"}]},{"@type":"WebSite","@id":"https:\/\/www.yetisisildar.com\/anasayfa\/#website","url":"https:\/\/www.yetisisildar.com\/anasayfa\/","name":"Uzm. Dr. Yeti\u015f I\u015eILDAR","description":"\u00c7ocuk ve Ergen Psikiyatri Uzman\u0131","publisher":{"@id":"https:\/\/www.yetisisildar.com\/anasayfa\/#\/schema\/person\/7eb6bd5feee14081cfcea41421d67bff"},"potentialAction":[{"@type":"SearchAction","target":{"@type":"EntryPoint","urlTemplate":"https:\/\/www.yetisisildar.com\/anasayfa\/?s={search_term_string}"},"query-input":{"@type":"PropertyValueSpecification","valueRequired":true,"valueName":"search_term_string"}}],"inLanguage":"tr"},{"@type":["Person","Organization"],"@id":"https:\/\/www.yetisisildar.com\/anasayfa\/#\/schema\/person\/7eb6bd5feee14081cfcea41421d67bff","name":"Yeti\u015f I\u015eILDAR","image":{"@type":"ImageObject","inLanguage":"tr","@id":"https:\/\/secure.gravatar.com\/avatar\/88bd967da00669278c21cf95ff252b35a70c54e16c58255fd105ac580ac8c721?s=96&d=mm&r=g","url":"https:\/\/secure.gravatar.com\/avatar\/88bd967da00669278c21cf95ff252b35a70c54e16c58255fd105ac580ac8c721?s=96&d=mm&r=g","contentUrl":"https:\/\/secure.gravatar.com\/avatar\/88bd967da00669278c21cf95ff252b35a70c54e16c58255fd105ac580ac8c721?s=96&d=mm&r=g","caption":"Yeti\u015f I\u015eILDAR"},"logo":{"@id":"https:\/\/secure.gravatar.com\/avatar\/88bd967da00669278c21cf95ff252b35a70c54e16c58255fd105ac580ac8c721?s=96&d=mm&r=g"}}]}},"_links":{"self":[{"href":"https:\/\/www.yetisisildar.com\/anasayfa\/wp-json\/wp\/v2\/pages\/84","targetHints":{"allow":["GET"]}}],"collection":[{"href":"https:\/\/www.yetisisildar.com\/anasayfa\/wp-json\/wp\/v2\/pages"}],"about":[{"href":"https:\/\/www.yetisisildar.com\/anasayfa\/wp-json\/wp\/v2\/types\/page"}],"author":[{"embeddable":true,"href":"https:\/\/www.yetisisildar.com\/anasayfa\/wp-json\/wp\/v2\/users\/1"}],"replies":[{"embeddable":true,"href":"https:\/\/www.yetisisildar.com\/anasayfa\/wp-json\/wp\/v2\/comments?post=84"}],"version-history":[{"count":8,"href":"https:\/\/www.yetisisildar.com\/anasayfa\/wp-json\/wp\/v2\/pages\/84\/revisions"}],"predecessor-version":[{"id":305,"href":"https:\/\/www.yetisisildar.com\/anasayfa\/wp-json\/wp\/v2\/pages\/84\/revisions\/305"}],"wp:attachment":[{"href":"https:\/\/www.yetisisildar.com\/anasayfa\/wp-json\/wp\/v2\/media?parent=84"}],"curies":[{"name":"wp","href":"https:\/\/api.w.org\/{rel}","templated":true}]}}